{"id":39143,"date":"2019-07-29T14:26:09","date_gmt":"2019-07-29T12:26:09","guid":{"rendered":"https:\/\/www.estudidelmoble.com\/servicios\/tasaciones\/"},"modified":"2025-01-14T15:11:31","modified_gmt":"2025-01-14T13:11:31","slug":"tasaciones","status":"publish","type":"page","link":"https:\/\/www.estudidelmoble.com\/es\/servicios\/tasaciones\/","title":{"rendered":"Tasaciones"},"content":{"rendered":"\t\t<div data-elementor-type=\"wp-page\" data-elementor-id=\"39143\" class=\"elementor elementor-39143 elementor-1994\" data-elementor-post-type=\"page\">\n\t\t\t\t\t\t<section class=\"elementor-section elementor-top-section elementor-element elementor-element-eeec692 elementor-section-boxed elementor-section-height-default elementor-section-height-default\" data-id=\"eeec692\" data-element_type=\"section\" data-e-type=\"section\">\n\t\t\t\t\t\t<div class=\"elementor-container elementor-column-gap-default\">\n\t\t\t\t\t<div class=\"elementor-column elementor-col-100 elementor-top-column elementor-element elementor-element-0e36d21\" data-id=\"0e36d21\" data-element_type=\"column\" data-e-type=\"column\">\n\t\t\t<div class=\"elementor-widget-wrap elementor-element-populated\">\n\t\t\t\t\t\t<div class=\"elementor-element elementor-element-a9647e6 elementor-hidden-mobile elementor-widget elementor-widget-spacer\" data-id=\"a9647e6\" data-element_type=\"widget\" data-e-type=\"widget\" data-widget_type=\"spacer.default\">\n\t\t\t\t\t\t\t<div class=\"elementor-spacer\">\n\t\t\t<div class=\"elementor-spacer-inner\"><\/div>\n\t\t<\/div>\n\t\t\t\t\t\t<\/div>\n\t\t\t\t<div class=\"elementor-element elementor-element-93be0a8 elementor-widget elementor-widget-heading\" data-id=\"93be0a8\" data-element_type=\"widget\" data-e-type=\"widget\" data-widget_type=\"heading.default\">\n\t\t\t\t\t<h1 class=\"elementor-heading-title elementor-size-default\">Tasaciones<\/h1>\t\t\t\t<\/div>\n\t\t\t\t<div class=\"elementor-element elementor-element-790bec6 elementor-hidden-mobile elementor-widget elementor-widget-spacer\" data-id=\"790bec6\" data-element_type=\"widget\" data-e-type=\"widget\" data-widget_type=\"spacer.default\">\n\t\t\t\t\t\t\t<div class=\"elementor-spacer\">\n\t\t\t<div class=\"elementor-spacer-inner\"><\/div>\n\t\t<\/div>\n\t\t\t\t\t\t<\/div>\n\t\t\t\t\t<\/div>\n\t\t<\/div>\n\t\t\t\t\t<\/div>\n\t\t<\/section>\n\t\t\t\t<section class=\"elementor-section elementor-top-section elementor-element elementor-element-6afc2f0 elementor-section-boxed elementor-section-height-default elementor-section-height-default\" data-id=\"6afc2f0\" data-element_type=\"section\" data-e-type=\"section\">\n\t\t\t\t\t\t<div class=\"elementor-container elementor-column-gap-default\">\n\t\t\t\t\t<div class=\"elementor-column elementor-col-100 elementor-top-column elementor-element elementor-element-e2a70e4\" data-id=\"e2a70e4\" data-element_type=\"column\" data-e-type=\"column\">\n\t\t\t<div class=\"elementor-widget-wrap elementor-element-populated\">\n\t\t\t\t\t\t<div class=\"elementor-element elementor-element-fc442a0 elementor-drop-cap-yes elementor-drop-cap-view-default elementor-widget elementor-widget-text-editor\" data-id=\"fc442a0\" data-element_type=\"widget\" data-e-type=\"widget\" data-settings=\"{&quot;drop_cap&quot;:&quot;yes&quot;}\" data-widget_type=\"text-editor.default\">\n\t\t\t\t\t\t\t\t\t<div>\r\n<div data-id=\"6553238\" data-element_type=\"widget\" data-model-cid=\"c30821\" data-widget_type=\"text-editor.default\">\r\n<div>\r\n<div data-elementor-setting-key=\"editor\" data-elementor-inline-editing-toolbar=\"advanced\">\r\n<p style=\"text-align: left;\">L\u2019Associaci\u00f3 du a terme assessoria en conservaci\u00f3-restauraci\u00f3 per a col\u00b7leccions p\u00fabliques i privades, museus, cases museu i fundacions, antiquaris i subhastes. Assessora en terminologia espec\u00edfica sobre moble, fustes i fusteria.<\/p>\r\n\r\n<\/div>\r\n<\/div>\r\n<\/div>\r\n<\/div>\t\t\t\t\t\t\t\t<\/div>\n\t\t\t\t<div class=\"elementor-element elementor-element-fca138b elementor-widget elementor-widget-spacer\" data-id=\"fca138b\" data-element_type=\"widget\" data-e-type=\"widget\" data-widget_type=\"spacer.default\">\n\t\t\t\t\t\t\t<div class=\"elementor-spacer\">\n\t\t\t<div class=\"elementor-spacer-inner\"><\/div>\n\t\t<\/div>\n\t\t\t\t\t\t<\/div>\n\t\t\t\t\t<\/div>\n\t\t<\/div>\n\t\t\t\t\t<\/div>\n\t\t<\/section>\n\t\t\t\t<section class=\"elementor-section elementor-top-section elementor-element elementor-element-a1cc20c elementor-section-boxed elementor-section-height-default elementor-section-height-default\" data-id=\"a1cc20c\" data-element_type=\"section\" data-e-type=\"section\">\n\t\t\t\t\t\t<div class=\"elementor-container elementor-column-gap-default\">\n\t\t\t\t\t<div class=\"elementor-column elementor-col-100 elementor-top-column elementor-element elementor-element-c2ec911\" data-id=\"c2ec911\" data-element_type=\"column\" data-e-type=\"column\">\n\t\t\t<div class=\"elementor-widget-wrap elementor-element-populated\">\n\t\t\t\t\t\t<div class=\"elementor-element elementor-element-c4399a7 elementor-widget elementor-widget-timeline-widget-addon\" data-id=\"c4399a7\" data-element_type=\"widget\" data-e-type=\"widget\" data-widget_type=\"timeline-widget-addon.default\">\n\t\t\t\t<div class=\"elementor-widget-container\">\n\t\t\t\t\t<!-- ========= Timeline Widget Addon For Elementor 1.6.24 ========= -->\n<div id=\"twae-wrapper-c4399a7\" class=\"twae-vertical twae-wrapper  twae-both-sided\">   \n    <div class=\"twae-start\"><\/div>    \n    <div id=\"twea-timeline-c4399a7\" class=\"twae-timeline\" ><!-- Story Year Label --><div class=\"twae-year twae-year-container story-year-c529f5c\">\n\t\t\t\t\t<div class=\"twae-year-label twae-year-text\">2018<\/div>\n\t\t\t\t<\/div><!-- Start of Story Repeater Content --><div id=\"story-c529f5c\" class=\"twae-story twae-repeater-item twae-story-right twae-story-no-icon\"><!-- Story Label --><div class=\"twae-labels\"><div class=\"twae-label-big\">Taxacions<\/div><\/div><!-- Story Icon --><div class=\"twae-icon\"><\/div><!-- Story Arrow --><div class=\"twae-arrow\"><\/div><!-- Start of Story Content --><div class=\"twae-content\"><!-- Story Title --><div class=\"twae-title\">Ajuntament de Sant Vicen\u00e7 dels Horts<\/div><!-- Story Image --><div class=\"twae-media large\"><img fetchpriority=\"high\" decoding=\"async\" width=\"768\" height=\"763\" src=\"https:\/\/www.estudidelmoble.com\/wp-content\/uploads\/2023\/01\/Ajuntament-Sant-Vicenc-dels-Horts-Logo.jpg\" class=\"attachment-large size-large\" alt=\"\" srcset=\"https:\/\/www.estudidelmoble.com\/wp-content\/uploads\/2023\/01\/Ajuntament-Sant-Vicenc-dels-Horts-Logo.jpg 768w, https:\/\/www.estudidelmoble.com\/wp-content\/uploads\/2023\/01\/Ajuntament-Sant-Vicenc-dels-Horts-Logo-300x298.jpg 300w, https:\/\/www.estudidelmoble.com\/wp-content\/uploads\/2023\/01\/Ajuntament-Sant-Vicenc-dels-Horts-Logo-150x150.jpg 150w, https:\/\/www.estudidelmoble.com\/wp-content\/uploads\/2023\/01\/Ajuntament-Sant-Vicenc-dels-Horts-Logo-600x596.jpg 600w, https:\/\/www.estudidelmoble.com\/wp-content\/uploads\/2023\/01\/Ajuntament-Sant-Vicenc-dels-Horts-Logo-100x100.jpg 100w\" sizes=\"(max-width: 768px) 100vw, 768px\" \/><\/div><!-- Story Description --><div class=\"twae-description\"><p>L\u2019<strong>Ajuntament de Sant Vicen\u00e7 dels Horts <\/strong>ens va encarregar la valoraci\u00f3 econ\u00f2mica global dels mobles conservats a l\u2019interior de la casa <strong>Can Costa<\/strong>, al carrer Novembre 11-17 de Sant Vicen\u00e7 dels Horts, aix\u00ed com la valoraci\u00f3 qualitativa que permet\u00e9s entendre l\u2019inter\u00e8s del conjunt i justifiqu\u00e9s la taxaci\u00f3.<\/p><\/div><\/div><\/div><\/div>\n    <div class=\"twae-end\"><\/div>\n    <\/div><style type=\"text\/css\">.elementor-39143 .elementor-element.elementor-element-c4399a7 .twae-wrapper.twae-vertical .twae-story{margin-bottom:60px!important}.elementor-39143 .elementor-element.elementor-element-c4399a7 .twae-wrapper{--tw-cbx-title-color:#8E2920;}.elementor-39143 .elementor-element.elementor-element-c4399a7 .twae-wrapper{--tw-lbl-small-color:#333333;}.elementor-39143 .elementor-element.elementor-element-c4399a7 .twae-wrapper{--tw-ibx-bg:#F5F5F2;}.elementor-39143 .elementor-element.elementor-element-c4399a7 .twae-wrapper{--tw-ybx-text-color:#FFFFFF}.elementor-39143 .elementor-element.elementor-element-c4399a7 .twae-wrapper{--tw-ybx-bg:#8E2920}.elementor-39143 .elementor-element.elementor-element-c4399a7 .twae-wrapper .twae-year{background:none!important;}.elementor-39143 .elementor-element.elementor-element-c4399a7 .twae-wrapper{--tw-cbx-bg:#F5F5F2}.elementor-39143 .elementor-element.elementor-element-c4399a7 .twae-wrapper{--tw-line-bg:#8E2920}.elementor-39143 .elementor-element.elementor-element-c4399a7 .twae-wrapper{ \n\t\t\t--tw-cbx-bd-top-width: 0px;\n\t\t\t--tw-cbx-bd-right-width: 0px;\n\t\t\t--tw-cbx-bd-bottom-width: 0px;\n\t\t\t--tw-cbx-bd-left-width:0px;\n\t\t\t}.elementor-39143 .elementor-element.elementor-element-c4399a7 .twae-title{font-family:Source Sans Pro;font-size:22px;font-weight:500;}.elementor-39143 .elementor-element.elementor-element-c4399a7 .twae-label-big{font-family:Source Sans Pro;font-size:22px;font-weight:500;}.elementor-39143 .elementor-element.elementor-element-c4399a7 .twae-wrapper{--tw-lbl-big-size:22px}.elementor-39143 .elementor-element.elementor-element-c4399a7 .twae-label-small{font-family:Source Sans Pro;font-size:22px;font-weight:500;}.elementor-39143 .elementor-element.elementor-element-c4399a7 .twae-wrapper{--tw-lbl-small-size:22px}.elementor-39143 .elementor-element.elementor-element-c4399a7 .twae-description{font-family:Source Sans Pro;font-size:17px;font-weight:400;}.elementor-39143 .elementor-element.elementor-element-c4399a7.twae-year{font-family:Source Sans Pro;font-size:19px;font-weight:400;}@media (max-width: 1024px){ .twae-wrapper{--tw-ybx-size: 80px !important;}}@media (max-width: 767px){ .twae-wrapper{--tw-ybx-size: 80px !important}}<\/style>\t\t\t\t<\/div>\n\t\t\t\t<\/div>\n\t\t\t\t\t<\/div>\n\t\t<\/div>\n\t\t\t\t\t<\/div>\n\t\t<\/section>\n\t\t\t\t<\/div>\n\t\t","protected":false},"excerpt":{"rendered":"<p>Tasaciones L\u2019Associaci\u00f3 du a terme assessoria en conservaci\u00f3-restauraci\u00f3 per a col\u00b7leccions p\u00fabliques i privades, museus, cases museu i fundacions, antiquaris i subhastes. Assessora en terminologia espec\u00edfica sobre moble, fustes i fusteria. 2018 TaxacionsAjuntament de Sant Vicen\u00e7 dels Horts L\u2019Ajuntament de Sant Vicen\u00e7 dels Horts ens va encarregar la valoraci\u00f3 econ\u00f2mica global dels mobles conservats a [&hellip;]<\/p>\n","protected":false},"author":1,"featured_media":39679,"parent":4571,"menu_order":0,"comment_status":"closed","ping_status":"closed","template":"","meta":{"_acf_changed":false,"footnotes":""},"class_list":["post-39143","page","type-page","status-publish","has-post-thumbnail","hentry"],"acf":[],"_links":{"self":[{"href":"https:\/\/www.estudidelmoble.com\/es\/wp-json\/wp\/v2\/pages\/39143","targetHints":{"allow":["GET"]}}],"collection":[{"href":"https:\/\/www.estudidelmoble.com\/es\/wp-json\/wp\/v2\/pages"}],"about":[{"href":"https:\/\/www.estudidelmoble.com\/es\/wp-json\/wp\/v2\/types\/page"}],"author":[{"embeddable":true,"href":"https:\/\/www.estudidelmoble.com\/es\/wp-json\/wp\/v2\/users\/1"}],"replies":[{"embeddable":true,"href":"https:\/\/www.estudidelmoble.com\/es\/wp-json\/wp\/v2\/comments?post=39143"}],"version-history":[{"count":0,"href":"https:\/\/www.estudidelmoble.com\/es\/wp-json\/wp\/v2\/pages\/39143\/revisions"}],"up":[{"embeddable":true,"href":"https:\/\/www.estudidelmoble.com\/es\/wp-json\/wp\/v2\/pages\/4571"}],"wp:featuredmedia":[{"embeddable":true,"href":"https:\/\/www.estudidelmoble.com\/es\/wp-json\/wp\/v2\/media\/39679"}],"wp:attachment":[{"href":"https:\/\/www.estudidelmoble.com\/es\/wp-json\/wp\/v2\/media?parent=39143"}],"curies":[{"name":"wp","href":"https:\/\/api.w.org\/{rel}","templated":true}]}}

<div data-elementor-type="wp-page" data-elementor-id="39143" class="elementor elementor-39143 elementor-1994" data-elementor-post-type="page">
						<section class="elementor-section elementor-top-section elementor-element elementor-element-eeec692 elementor-section-boxed elementor-section-height-default elementor-section-height-default" data-id="eeec692" data-element_type="section" data-e-type="section">
						<div class="elementor-container elementor-column-gap-default">
					<div class="elementor-column elementor-col-100 elementor-top-column elementor-element elementor-element-0e36d21" data-id="0e36d21" data-element_type="column" data-e-type="column">
			<div class="elementor-widget-wrap elementor-element-populated">
						<div class="elementor-element elementor-element-a9647e6 elementor-hidden-mobile elementor-widget elementor-widget-spacer" data-id="a9647e6" data-element_type="widget" data-e-type="widget" data-widget_type="spacer.default">
							<div class="elementor-spacer">
			<div class="elementor-spacer-inner"></div>
		</div>
						</div>
				<div class="elementor-element elementor-element-93be0a8 elementor-widget elementor-widget-heading" data-id="93be0a8" data-element_type="widget" data-e-type="widget" data-widget_type="heading.default">
					<h1 class="elementor-heading-title elementor-size-default">Tasaciones</h1>				</div>
				<div class="elementor-element elementor-element-790bec6 elementor-hidden-mobile elementor-widget elementor-widget-spacer" data-id="790bec6" data-element_type="widget" data-e-type="widget" data-widget_type="spacer.default">
							<div class="elementor-spacer">
			<div class="elementor-spacer-inner"></div>
		</div>
						</div>
					</div>
		</div>
					</div>
		</section>
				<section class="elementor-section elementor-top-section elementor-element elementor-element-6afc2f0 elementor-section-boxed elementor-section-height-default elementor-section-height-default" data-id="6afc2f0" data-element_type="section" data-e-type="section">
						<div class="elementor-container elementor-column-gap-default">
					<div class="elementor-column elementor-col-100 elementor-top-column elementor-element elementor-element-e2a70e4" data-id="e2a70e4" data-element_type="column" data-e-type="column">
			<div class="elementor-widget-wrap elementor-element-populated">
						<div class="elementor-element elementor-element-fc442a0 elementor-drop-cap-yes elementor-drop-cap-view-default elementor-widget elementor-widget-text-editor" data-id="fc442a0" data-element_type="widget" data-e-type="widget" data-settings="{&quot;drop_cap&quot;:&quot;yes&quot;}" data-widget_type="text-editor.default">
									<div>
<div data-id="6553238" data-element_type="widget" data-model-cid="c30821" data-widget_type="text-editor.default">
<div>
<div data-elementor-setting-key="editor" data-elementor-inline-editing-toolbar="advanced">
<p style="text-align: left;">L’Associació du a terme assessoria en conservació-restauració per a col·leccions públiques i privades, museus, cases museu i fundacions, antiquaris i subhastes. Assessora en terminologia específica sobre moble, fustes i fusteria.</p>

</div>
</div>
</div>
</div>								</div>
				<div class="elementor-element elementor-element-fca138b elementor-widget elementor-widget-spacer" data-id="fca138b" data-element_type="widget" data-e-type="widget" data-widget_type="spacer.default">
							<div class="elementor-spacer">
			<div class="elementor-spacer-inner"></div>
		</div>
						</div>
					</div>
		</div>
					</div>
		</section>
				<section class="elementor-section elementor-top-section elementor-element elementor-element-a1cc20c elementor-section-boxed elementor-section-height-default elementor-section-height-default" data-id="a1cc20c" data-element_type="section" data-e-type="section">
						<div class="elementor-container elementor-column-gap-default">
					<div class="elementor-column elementor-col-100 elementor-top-column elementor-element elementor-element-c2ec911" data-id="c2ec911" data-element_type="column" data-e-type="column">
			<div class="elementor-widget-wrap elementor-element-populated">
						<div class="elementor-element elementor-element-c4399a7 elementor-widget elementor-widget-timeline-widget-addon" data-id="c4399a7" data-element_type="widget" data-e-type="widget" data-widget_type="timeline-widget-addon.default">
				<div class="elementor-widget-container">
					<!-- ========= Timeline Widget Addon For Elementor 1.6.24 ========= -->
<div id="twae-wrapper-c4399a7" class="twae-vertical twae-wrapper  twae-both-sided">   
    <div class="twae-start"></div>    
    <div id="twea-timeline-c4399a7" class="twae-timeline" ><!-- Story Year Label --><div class="twae-year twae-year-container story-year-c529f5c">
					<div class="twae-year-label twae-year-text">2018</div>
				</div><!-- Start of Story Repeater Content --><div id="story-c529f5c" class="twae-story twae-repeater-item twae-story-right twae-story-no-icon"><!-- Story Label --><div class="twae-labels"><div class="twae-label-big">Taxacions</div></div><!-- Story Icon --><div class="twae-icon"></div><!-- Story Arrow --><div class="twae-arrow"></div><!-- Start of Story Content --><div class="twae-content"><!-- Story Title --><div class="twae-title">Ajuntament de Sant Vicenç dels Horts</div><!-- Story Image --><div class="twae-media large"><img fetchpriority="high" decoding="async" width="768" height="763" src="https://www.estudidelmoble.com/wp-content/uploads/2023/01/Ajuntament-Sant-Vicenc-dels-Horts-Logo.jpg" class="attachment-large size-large" alt="" srcset="https://www.estudidelmoble.com/wp-content/uploads/2023/01/Ajuntament-Sant-Vicenc-dels-Horts-Logo.jpg 768w, https://www.estudidelmoble.com/wp-content/uploads/2023/01/Ajuntament-Sant-Vicenc-dels-Horts-Logo-300x298.jpg 300w, https://www.estudidelmoble.com/wp-content/uploads/2023/01/Ajuntament-Sant-Vicenc-dels-Horts-Logo-150x150.jpg 150w, https://www.estudidelmoble.com/wp-content/uploads/2023/01/Ajuntament-Sant-Vicenc-dels-Horts-Logo-600x596.jpg 600w, https://www.estudidelmoble.com/wp-content/uploads/2023/01/Ajuntament-Sant-Vicenc-dels-Horts-Logo-100x100.jpg 100w" sizes="(max-width: 768px) 100vw, 768px" /></div><!-- Story Description --><div class="twae-description"><p>L’<strong>Ajuntament de Sant Vicenç dels Horts </strong>ens va encarregar la valoració econòmica global dels mobles conservats a l’interior de la casa <strong>Can Costa</strong>, al carrer Novembre 11-17 de Sant Vicenç dels Horts, així com la valoració qualitativa que permetés entendre l’interès del conjunt i justifiqués la taxació.</p></div></div></div></div>
    <div class="twae-end"></div>
    </div><style type="text/css">.elementor-39143 .elementor-element.elementor-element-c4399a7 .twae-wrapper.twae-vertical .twae-story{margin-bottom:60px!important}.elementor-39143 .elementor-element.elementor-element-c4399a7 .twae-wrapper{--tw-cbx-title-color:#8E2920;}.elementor-39143 .elementor-element.elementor-element-c4399a7 .twae-wrapper{--tw-lbl-small-color:#333333;}.elementor-39143 .elementor-element.elementor-element-c4399a7 .twae-wrapper{--tw-ibx-bg:#F5F5F2;}.elementor-39143 .elementor-element.elementor-element-c4399a7 .twae-wrapper{--tw-ybx-text-color:#FFFFFF}.elementor-39143 .elementor-element.elementor-element-c4399a7 .twae-wrapper{--tw-ybx-bg:#8E2920}.elementor-39143 .elementor-element.elementor-element-c4399a7 .twae-wrapper .twae-year{background:none!important;}.elementor-39143 .elementor-element.elementor-element-c4399a7 .twae-wrapper{--tw-cbx-bg:#F5F5F2}.elementor-39143 .elementor-element.elementor-element-c4399a7 .twae-wrapper{--tw-line-bg:#8E2920}.elementor-39143 .elementor-element.elementor-element-c4399a7 .twae-wrapper{ 
			--tw-cbx-bd-top-width: 0px;
			--tw-cbx-bd-right-width: 0px;
			--tw-cbx-bd-bottom-width: 0px;
			--tw-cbx-bd-left-width:0px;
			}.elementor-39143 .elementor-element.elementor-element-c4399a7 .twae-title{font-family:Source Sans Pro;font-size:22px;font-weight:500;}.elementor-39143 .elementor-element.elementor-element-c4399a7 .twae-label-big{font-family:Source Sans Pro;font-size:22px;font-weight:500;}.elementor-39143 .elementor-element.elementor-element-c4399a7 .twae-wrapper{--tw-lbl-big-size:22px}.elementor-39143 .elementor-element.elementor-element-c4399a7 .twae-label-small{font-family:Source Sans Pro;font-size:22px;font-weight:500;}.elementor-39143 .elementor-element.elementor-element-c4399a7 .twae-wrapper{--tw-lbl-small-size:22px}.elementor-39143 .elementor-element.elementor-element-c4399a7 .twae-description{font-family:Source Sans Pro;font-size:17px;font-weight:400;}.elementor-39143 .elementor-element.elementor-element-c4399a7.twae-year{font-family:Source Sans Pro;font-size:19px;font-weight:400;}@media (max-width: 1024px){ .twae-wrapper{--tw-ybx-size: 80px !important;}}@media (max-width: 767px){ .twae-wrapper{--tw-ybx-size: 80px !important}}</style>				</div>
				</div>
					</div>
		</div>
					</div>
		</section>
				</div>

<p>Tasaciones L’Associació du a terme assessoria en conservació-restauració per a col·leccions públiques i privades, museus, cases museu i fundacions, antiquaris i subhastes. Assessora en terminologia específica sobre moble, fustes i fusteria. 2018 TaxacionsAjuntament de Sant Vicenç dels Horts L’Ajuntament de Sant Vicenç dels Horts ens va encarregar la valoració econòmica global dels mobles conservats a [&hellip;]</p>
