{"id":19903,"date":"2013-09-14T12:27:05","date_gmt":"2013-09-14T10:27:05","guid":{"rendered":"https:\/\/www.estudidelmoble.com\/producte\/publicacio-8-2013\/"},"modified":"2021-04-22T18:32:32","modified_gmt":"2021-04-22T16:32:32","slug":"publicacion-8-2013","status":"publish","type":"product","link":"https:\/\/www.estudidelmoble.com\/es\/producto\/publicacion-8-2013\/","title":{"rendered":"PUBLICACI\u00d3N 8"},"content":{"rendered":"<p><span style=\"font-weight: 400\">La Associaci\u00f3 per l\u2019Estudi del Moble (AEM) y el Museu de les Arts Decoratives de Barcelona (MADB) presentan Materiales singulares aplicados al mueble, la octava monograf\u00eda de edici\u00f3n conjunta sobre mueble, donde se recogen las conferencias que bajo el mismo t\u00edtulo se presentaron en el Palacio de Pedralbes el 4 y 5 de mayo de 2012.<\/span><\/p>\n<p><span style=\"font-weight: 400\">El estudio detallado de los muebles nos permite descubrir los secretos de pr\u00e1cticas artesanales complejas y la creatividad de unos talleres que ve\u00edan en la novedad y la calidad art\u00edstica sus mejores bazas para competir en el duro mercado de objetos de lujo. Vidrios pintados de tem\u00e1tica mitol\u00f3gica o b\u00edblica, pietra dura con paisajes y bodegones, <\/span><span style=\"font-weight: 400\">plata repujada representando musas de las artes o el tintado con zumaque inspirado en escenas difundidas en los grabados son s\u00f3lo algunas de las propuestas que lucen en magn\u00edficos muebles de diferentes \u00e9pocas, pero especialmente del siglo XVII.<\/span><\/p>\n","protected":false},"excerpt":{"rendered":"<p><strong><span style=\"color: #7f2629\">Materiales singulares aplicados al mueble<\/span><\/strong><\/p>\n<p class=\"p1\">Edici\u00f3n biling\u00fce, alterna art\u00edculos en castellano y catal\u00e1n<\/p>\n<p><strong>PVP: 18\u20ac<br \/>Precio SOCIOS: 15\u20ac<\/strong><\/p>\n","protected":false},"featured_media":19902,"template":"","meta":{"_acf_changed":false},"product_brand":[],"product_cat":[833],"product_tag":[],"class_list":{"0":"post-19903","1":"product","2":"type-product","3":"status-publish","4":"has-post-thumbnail","6":"product_cat-publicaciones","7":"product_shipping_class-envio-2","9":"first","10":"instock","11":"taxable","12":"shipping-taxable","13":"purchasable","14":"product-type-variable"},"acf":[],"_links":{"self":[{"href":"https:\/\/www.estudidelmoble.com\/es\/wp-json\/wp\/v2\/product\/19903","targetHints":{"allow":["GET"]}}],"collection":[{"href":"https:\/\/www.estudidelmoble.com\/es\/wp-json\/wp\/v2\/product"}],"about":[{"href":"https:\/\/www.estudidelmoble.com\/es\/wp-json\/wp\/v2\/types\/product"}],"version-history":[{"count":0,"href":"https:\/\/www.estudidelmoble.com\/es\/wp-json\/wp\/v2\/product\/19903\/revisions"}],"wp:featuredmedia":[{"embeddable":true,"href":"https:\/\/www.estudidelmoble.com\/es\/wp-json\/wp\/v2\/media\/19902"}],"wp:attachment":[{"href":"https:\/\/www.estudidelmoble.com\/es\/wp-json\/wp\/v2\/media?parent=19903"}],"wp:term":[{"taxonomy":"product_brand","embeddable":true,"href":"https:\/\/www.estudidelmoble.com\/es\/wp-json\/wp\/v2\/product_brand?post=19903"},{"taxonomy":"product_cat","embeddable":true,"href":"https:\/\/www.estudidelmoble.com\/es\/wp-json\/wp\/v2\/product_cat?post=19903"},{"taxonomy":"product_tag","embeddable":true,"href":"https:\/\/www.estudidelmoble.com\/es\/wp-json\/wp\/v2\/product_tag?post=19903"}],"curies":[{"name":"wp","href":"https:\/\/api.w.org\/{rel}","templated":true}]}}

PUBLICACIÓN 8

<p><span style="font-weight: 400">La Associació per l’Estudi del Moble (AEM) y el Museu de les Arts Decoratives de Barcelona (MADB) presentan Materiales singulares aplicados al mueble, la octava monografía de edición conjunta sobre mueble, donde se recogen las conferencias que bajo el mismo título se presentaron en el Palacio de Pedralbes el 4 y 5 de mayo de 2012.</span></p>
<p><span style="font-weight: 400">El estudio detallado de los muebles nos permite descubrir los secretos de prácticas artesanales complejas y la creatividad de unos talleres que veían en la novedad y la calidad artística sus mejores bazas para competir en el duro mercado de objetos de lujo. Vidrios pintados de temática mitológica o bíblica, pietra dura con paisajes y bodegones, </span><span style="font-weight: 400">plata repujada representando musas de las artes o el tintado con zumaque inspirado en escenas difundidas en los grabados son sólo algunas de las propuestas que lucen en magníficos muebles de diferentes épocas, pero especialmente del siglo XVII.</span></p>

<p><strong><span style="color: #7f2629">Materiales singulares aplicados al mueble</span></strong></p>
<p class="p1">Edición bilingüe, alterna artículos en castellano y catalán</p>
<p><strong>PVP: 18€<br />Precio SOCIOS: 15€</strong></p>
