{"id":19910,"date":"2014-09-14T12:20:36","date_gmt":"2014-09-14T10:20:36","guid":{"rendered":"https:\/\/www.estudidelmoble.com\/producte\/publicacion-9-2014\/"},"modified":"2020-12-14T13:44:42","modified_gmt":"2020-12-14T11:44:42","slug":"publicacion-9-2014","status":"publish","type":"product","link":"https:\/\/www.estudidelmoble.com\/es\/producto\/publicacion-9-2014\/","title":{"rendered":"PUBLICACI\u00d3N 9"},"content":{"rendered":"<p><span style=\"font-weight: 400\">Hace tiempo que se evidencian los beneficios de combinar los estudios hist\u00f3ricos de las obras de arte con los an\u00e1lisis cient\u00edficos.<\/span><\/p>\n<p><span style=\"font-weight: 400\">Son excepcionales las ocasiones en que estas t\u00e9cnicas se aplican al estudio del mobiliario. <\/span><span style=\"font-weight: 400\">La poca consideraci\u00f3n del mueble en los centros de investigaci\u00f3n, as\u00ed como los reducidos presupuestos aplicados a su estudio y restauraci\u00f3n, suelen impedir este complementario acercamiento cient\u00edfico. Por esta raz\u00f3n, ha sido excepcional y extraordinario el estudio interdisciplinar de la colecci\u00f3n de muebles policromados catalanes del Museu del Disseny de Barcelona. El proyecto ha estudiado diez muebles, entre arcas con cajones y armarios datados a finales del siglo XV y primera mitad del siglo XVI.<\/span><\/p>\n","protected":false},"excerpt":{"rendered":"<p><span style=\"color: #7f2629\"><strong><b>Historia y ciencia al servicio del estudio del mueble. Arcas policromadas y otros muebles del siglo XVI<\/b><\/strong><\/span><\/p>\n<p class=\"p1\">Edici\u00f3n biling\u00fce, alterna art\u00edculos en castellano y catal\u00e1n<\/p>\n<p><strong>PVP: 18\u20ac<br \/>Precio SOCIOS: 15\u20ac<\/strong><\/p>\n","protected":false},"featured_media":19909,"template":"","meta":{"_acf_changed":false},"product_brand":[],"product_cat":[833],"product_tag":[],"class_list":{"0":"post-19910","1":"product","2":"type-product","3":"status-publish","4":"has-post-thumbnail","6":"product_cat-publicaciones","7":"product_shipping_class-envio-2","9":"first","10":"instock","11":"taxable","12":"shipping-taxable","13":"purchasable","14":"product-type-variable"},"acf":[],"_links":{"self":[{"href":"https:\/\/www.estudidelmoble.com\/es\/wp-json\/wp\/v2\/product\/19910","targetHints":{"allow":["GET"]}}],"collection":[{"href":"https:\/\/www.estudidelmoble.com\/es\/wp-json\/wp\/v2\/product"}],"about":[{"href":"https:\/\/www.estudidelmoble.com\/es\/wp-json\/wp\/v2\/types\/product"}],"version-history":[{"count":0,"href":"https:\/\/www.estudidelmoble.com\/es\/wp-json\/wp\/v2\/product\/19910\/revisions"}],"wp:featuredmedia":[{"embeddable":true,"href":"https:\/\/www.estudidelmoble.com\/es\/wp-json\/wp\/v2\/media\/19909"}],"wp:attachment":[{"href":"https:\/\/www.estudidelmoble.com\/es\/wp-json\/wp\/v2\/media?parent=19910"}],"wp:term":[{"taxonomy":"product_brand","embeddable":true,"href":"https:\/\/www.estudidelmoble.com\/es\/wp-json\/wp\/v2\/product_brand?post=19910"},{"taxonomy":"product_cat","embeddable":true,"href":"https:\/\/www.estudidelmoble.com\/es\/wp-json\/wp\/v2\/product_cat?post=19910"},{"taxonomy":"product_tag","embeddable":true,"href":"https:\/\/www.estudidelmoble.com\/es\/wp-json\/wp\/v2\/product_tag?post=19910"}],"curies":[{"name":"wp","href":"https:\/\/api.w.org\/{rel}","templated":true}]}}

PUBLICACIÓN 9

<p><span style="font-weight: 400">Hace tiempo que se evidencian los beneficios de combinar los estudios históricos de las obras de arte con los análisis científicos.</span></p>
<p><span style="font-weight: 400">Son excepcionales las ocasiones en que estas técnicas se aplican al estudio del mobiliario. </span><span style="font-weight: 400">La poca consideración del mueble en los centros de investigación, así como los reducidos presupuestos aplicados a su estudio y restauración, suelen impedir este complementario acercamiento científico. Por esta razón, ha sido excepcional y extraordinario el estudio interdisciplinar de la colección de muebles policromados catalanes del Museu del Disseny de Barcelona. El proyecto ha estudiado diez muebles, entre arcas con cajones y armarios datados a finales del siglo XV y primera mitad del siglo XVI.</span></p>

<p><span style="color: #7f2629"><strong><b>Historia y ciencia al servicio del estudio del mueble. Arcas policromadas y otros muebles del siglo XVI</b></strong></span></p>
<p class="p1">Edición bilingüe, alterna artículos en castellano y catalán</p>
<p><strong>PVP: 18€<br />Precio SOCIOS: 15€</strong></p>
