{"id":20720,"date":"2007-09-14T13:02:53","date_gmt":"2007-09-14T11:02:53","guid":{"rendered":"https:\/\/www.estudidelmoble.com\/producte\/publicacion-2-2007\/"},"modified":"2021-07-29T12:27:57","modified_gmt":"2021-07-29T10:27:57","slug":"publicacion-2-2007","status":"publish","type":"product","link":"https:\/\/www.estudidelmoble.com\/es\/producto\/publicacion-2-2007\/","title":{"rendered":"PUBLICACI\u00d3N 2"},"content":{"rendered":"<p><span style=\"font-weight: 400;\">En la publicaci\u00f3n se analiza la producci\u00f3n de muebles en Catalu\u00f1a durante el siglo XVII, los sistemas de trabajo, y se plantean las posibles conexiones con Castilla y se valora la calidad en relaci\u00f3n a los principales centros art\u00edsticos, como por ejemplo Italia o Flandes. Igualmente, se presenta la visi\u00f3n del mueble como objeto de lujo y regalo diplom\u00e1tico, as\u00ed como su relaci\u00f3n con otras manufacturas ricas y preciadas, especialmente el tejido y las pieles. Finalmente, y teniendo en cuenta que en el descubrimiento y recuperaci\u00f3n del mobiliario antiguo los anticuarios tienen un papel fundamental, tambi\u00e9n se trata el mueble como objeto de colecci\u00f3n.<\/span><\/p>\n","protected":false},"excerpt":{"rendered":"<p><span style=\"color: #7f2629;\"><strong><b>El moble del segle XVII a Catalunya i la seva relaci\u00f3 amb altres centres europeus<br \/>\n<\/b><\/strong><\/span><\/p>\n<p><span style=\"color: #007196;\"><strong>\u00a1AGOTADO!<\/strong><\/span><br \/>\nEjemplares de consulta en nuestra <a href=\"https:\/\/www.estudidelmoble.com\/biblio-xilo\/biblioteca\/\" target=\"_blank\" rel=\"noopener noreferrer\">Biblioteca<\/a><\/p>\n<p>Edici\u00f3n biling\u00fce, alterna art\u00edculos en castellano y catal\u00e1n<\/p>\n<p><strong>PVP: 18\u20ac<br \/>\nPrecio SOCIOS: 15\u20ac<\/strong><\/p>\n","protected":false},"featured_media":19952,"template":"","meta":{"_acf_changed":false},"product_brand":[],"product_cat":[833],"product_tag":[],"class_list":{"0":"post-20720","1":"product","2":"type-product","3":"status-publish","4":"has-post-thumbnail","6":"product_cat-publicaciones","7":"product_shipping_class-envio-2","9":"first","10":"outofstock","11":"taxable","12":"shipping-taxable","13":"purchasable","14":"product-type-variable"},"acf":[],"_links":{"self":[{"href":"https:\/\/www.estudidelmoble.com\/es\/wp-json\/wp\/v2\/product\/20720","targetHints":{"allow":["GET"]}}],"collection":[{"href":"https:\/\/www.estudidelmoble.com\/es\/wp-json\/wp\/v2\/product"}],"about":[{"href":"https:\/\/www.estudidelmoble.com\/es\/wp-json\/wp\/v2\/types\/product"}],"version-history":[{"count":0,"href":"https:\/\/www.estudidelmoble.com\/es\/wp-json\/wp\/v2\/product\/20720\/revisions"}],"wp:featuredmedia":[{"embeddable":true,"href":"https:\/\/www.estudidelmoble.com\/es\/wp-json\/wp\/v2\/media\/19952"}],"wp:attachment":[{"href":"https:\/\/www.estudidelmoble.com\/es\/wp-json\/wp\/v2\/media?parent=20720"}],"wp:term":[{"taxonomy":"product_brand","embeddable":true,"href":"https:\/\/www.estudidelmoble.com\/es\/wp-json\/wp\/v2\/product_brand?post=20720"},{"taxonomy":"product_cat","embeddable":true,"href":"https:\/\/www.estudidelmoble.com\/es\/wp-json\/wp\/v2\/product_cat?post=20720"},{"taxonomy":"product_tag","embeddable":true,"href":"https:\/\/www.estudidelmoble.com\/es\/wp-json\/wp\/v2\/product_tag?post=20720"}],"curies":[{"name":"wp","href":"https:\/\/api.w.org\/{rel}","templated":true}]}}

PUBLICACIÓN 2

<p><span style="font-weight: 400;">En la publicación se analiza la producción de muebles en Cataluña durante el siglo XVII, los sistemas de trabajo, y se plantean las posibles conexiones con Castilla y se valora la calidad en relación a los principales centros artísticos, como por ejemplo Italia o Flandes. Igualmente, se presenta la visión del mueble como objeto de lujo y regalo diplomático, así como su relación con otras manufacturas ricas y preciadas, especialmente el tejido y las pieles. Finalmente, y teniendo en cuenta que en el descubrimiento y recuperación del mobiliario antiguo los anticuarios tienen un papel fundamental, también se trata el mueble como objeto de colección.</span></p>

<p><span style="color: #7f2629;"><strong><b>El moble del segle XVII a Catalunya i la seva relació amb altres centres europeus<br />
</b></strong></span></p>
<p><span style="color: #007196;"><strong>¡AGOTADO!</strong></span><br />
Ejemplares de consulta en nuestra <a href="https://www.estudidelmoble.com/biblio-xilo/biblioteca/" target="_blank" rel="noopener noreferrer">Biblioteca</a></p>
<p>Edición bilingüe, alterna artículos en castellano y catalán</p>
<p><strong>PVP: 18€<br />
Precio SOCIOS: 15€</strong></p>
