{"id":20752,"date":"2009-09-14T12:50:06","date_gmt":"2009-09-14T10:50:06","guid":{"rendered":"https:\/\/www.estudidelmoble.com\/producte\/publicacion-4-2009\/"},"modified":"2020-09-14T12:50:06","modified_gmt":"2020-09-14T10:50:06","slug":"publicacion-4-2009","status":"publish","type":"product","link":"https:\/\/www.estudidelmoble.com\/es\/producto\/publicacion-4-2009\/","title":{"rendered":"PUBLICACI\u00d3N 4"},"content":{"rendered":"<p><span style=\"font-weight: 400\">Si bien los estudios cl\u00e1sicos han prestado mayor atenci\u00f3n al mobiliario de la \u00e9poca de los <\/span><span style=\"font-weight: 400\">austrias<\/span><span style=\"font-weight: 400\">, el siglo de la Ilustraci\u00f3n ofrece un campo de investigaci\u00f3n riqu\u00edsimo y permite analizar c\u00f3mo las casas cambiaron su aspecto adapt\u00e1ndose a nuevas formas de vivir, de relacionarse y de pensar procedentes de Europa. Los textos aqu\u00ed incluidos nos ayudan a comprender c\u00f3mo el hogar del siglo XVIII incorpor\u00f3 sorprendentes muebles satisfaciendo las necesidades funcionales y est\u00e9ticas de la poblaci\u00f3n, pero tambi\u00e9n c\u00f3mo estos cambios tuvieron incidencias diferentes seg\u00fan el lugar y los niveles econ\u00f3micos, intelectuales y sociales.<\/span><\/p>\n<p><span style=\"font-weight: 400\">Los textos que os presentamos permiten una aproximaci\u00f3n al mobiliario del siglo XVIII de diferentes puntos de Espa\u00f1a y dejan constancia de varios m\u00e9todos y fuentes de informaci\u00f3n para afrontar su estudio.<\/span><\/p>\n","protected":false},"excerpt":{"rendered":"<p><span style=\"color: #7f2629\"><strong><b>El mueble del siglo XVIII: Nuevas aportaciones a su estudio<\/b><\/strong><\/span><\/p>\n<p class=\"p1\">Edici\u00f3n biling\u00fce, alterna art\u00edculos en castellano y catal\u00e1n<\/p>\n<p><strong>PVP: 18\u20ac<br \/>Precio SOCIOS: 15\u20ac<\/strong><\/p>\n","protected":false},"featured_media":19885,"template":"","meta":{"_acf_changed":false},"product_brand":[],"product_cat":[833],"product_tag":[],"class_list":{"0":"post-20752","1":"product","2":"type-product","3":"status-publish","4":"has-post-thumbnail","6":"product_cat-publicaciones","7":"product_shipping_class-envio-2","9":"first","10":"instock","11":"taxable","12":"shipping-taxable","13":"purchasable","14":"product-type-variable"},"acf":[],"_links":{"self":[{"href":"https:\/\/www.estudidelmoble.com\/es\/wp-json\/wp\/v2\/product\/20752","targetHints":{"allow":["GET"]}}],"collection":[{"href":"https:\/\/www.estudidelmoble.com\/es\/wp-json\/wp\/v2\/product"}],"about":[{"href":"https:\/\/www.estudidelmoble.com\/es\/wp-json\/wp\/v2\/types\/product"}],"version-history":[{"count":0,"href":"https:\/\/www.estudidelmoble.com\/es\/wp-json\/wp\/v2\/product\/20752\/revisions"}],"wp:featuredmedia":[{"embeddable":true,"href":"https:\/\/www.estudidelmoble.com\/es\/wp-json\/wp\/v2\/media\/19885"}],"wp:attachment":[{"href":"https:\/\/www.estudidelmoble.com\/es\/wp-json\/wp\/v2\/media?parent=20752"}],"wp:term":[{"taxonomy":"product_brand","embeddable":true,"href":"https:\/\/www.estudidelmoble.com\/es\/wp-json\/wp\/v2\/product_brand?post=20752"},{"taxonomy":"product_cat","embeddable":true,"href":"https:\/\/www.estudidelmoble.com\/es\/wp-json\/wp\/v2\/product_cat?post=20752"},{"taxonomy":"product_tag","embeddable":true,"href":"https:\/\/www.estudidelmoble.com\/es\/wp-json\/wp\/v2\/product_tag?post=20752"}],"curies":[{"name":"wp","href":"https:\/\/api.w.org\/{rel}","templated":true}]}}

PUBLICACIÓN 4

<p><span style="font-weight: 400">Si bien los estudios clásicos han prestado mayor atención al mobiliario de la época de los </span><span style="font-weight: 400">austrias</span><span style="font-weight: 400">, el siglo de la Ilustración ofrece un campo de investigación riquísimo y permite analizar cómo las casas cambiaron su aspecto adaptándose a nuevas formas de vivir, de relacionarse y de pensar procedentes de Europa. Los textos aquí incluidos nos ayudan a comprender cómo el hogar del siglo XVIII incorporó sorprendentes muebles satisfaciendo las necesidades funcionales y estéticas de la población, pero también cómo estos cambios tuvieron incidencias diferentes según el lugar y los niveles económicos, intelectuales y sociales.</span></p>
<p><span style="font-weight: 400">Los textos que os presentamos permiten una aproximación al mobiliario del siglo XVIII de diferentes puntos de España y dejan constancia de varios métodos y fuentes de información para afrontar su estudio.</span></p>

<p><span style="color: #7f2629"><strong><b>El mueble del siglo XVIII: Nuevas aportaciones a su estudio</b></strong></span></p>
<p class="p1">Edición bilingüe, alterna artículos en castellano y catalán</p>
<p><strong>PVP: 18€<br />Precio SOCIOS: 15€</strong></p>
