{"id":20761,"date":"2010-09-14T12:41:26","date_gmt":"2010-09-14T10:41:26","guid":{"rendered":"https:\/\/www.estudidelmoble.com\/producte\/publicacion-5-2010\/"},"modified":"2020-09-14T12:41:26","modified_gmt":"2020-09-14T10:41:26","slug":"publicacion-5-2010","status":"publish","type":"product","link":"https:\/\/www.estudidelmoble.com\/es\/producto\/publicacion-5-2010\/","title":{"rendered":"PUBLICACI\u00d3N 5"},"content":{"rendered":"<p><span style=\"font-weight: 400\">Iconos del pasado, iconos del presente, los objetos forman parte de nuestro entorno m\u00e1s cotidiano, nos aportan funci\u00f3n y emoci\u00f3n y nos ayudan a definir el espacio y a definirnos a nosotros mismos. A lo largo de la historia, el hombre ha dise\u00f1ado todo tipo de objetos y productos que le han facilitado la estancia en este planeta, pero adem\u00e1s, la vida cotidiana de las altas esferas, clases dirigentes y grupos de poder ha generado y sigue generando objetos de valor social que toman en estos grupos consideraci\u00f3n de objetos art\u00edsticos, suntuosos y preciados.<\/span><\/p>\n<p><span style=\"font-weight: 400\">En esta publicaci\u00f3n se recogen las conferencias que l\u2019Associaci\u00f3 per a l\u2019Estudi del Moble organiz\u00f3, en colaboraci\u00f3n con el Museu de les Arts Decoratives de Barcelona i Fira Antiquaris Barcelona del 27 al 29 de marzo de 2009. Los textos nos permiten repasar momentos concretos del culto al objeto, conocer el valor de las colecciones en distintos momentos de la historia y nos ofrecen importantes aportaciones sobre el tema. Estos escritos, firmados por prestigiosos historiadores y dise\u00f1adores, ofrecen sutiles e interesantes reflexiones sobre algo, en principio banal como son los artefactos creados por el hombre en el pasado y, los producidos y consumidos hoy en d\u00eda. Este libro sumerge, sin acotaciones cronol\u00f3gicas, en la rica historia de nuestra cultura material.<\/span><\/p>\n","protected":false},"excerpt":{"rendered":"<p><span style=\"color: #7f2629\"><strong><b>El culto al objeto: de la vida cotidiana a la colecci\u00f3n<\/b><\/strong><\/span><\/p>\n<p class=\"p1\">Edici\u00f3n biling\u00fce, alterna art\u00edculos en castellano y catal\u00e1n<\/p>\n<p><strong>PVP: 18\u20ac<br \/>Precio SOCIOS: 15\u20ac<\/strong><\/p>\n","protected":false},"featured_media":19889,"template":"","meta":{"_acf_changed":false},"product_brand":[],"product_cat":[833],"product_tag":[],"class_list":{"0":"post-20761","1":"product","2":"type-product","3":"status-publish","4":"has-post-thumbnail","6":"product_cat-publicaciones","7":"product_shipping_class-envio-2","9":"first","10":"instock","11":"taxable","12":"shipping-taxable","13":"purchasable","14":"product-type-variable"},"acf":[],"_links":{"self":[{"href":"https:\/\/www.estudidelmoble.com\/es\/wp-json\/wp\/v2\/product\/20761","targetHints":{"allow":["GET"]}}],"collection":[{"href":"https:\/\/www.estudidelmoble.com\/es\/wp-json\/wp\/v2\/product"}],"about":[{"href":"https:\/\/www.estudidelmoble.com\/es\/wp-json\/wp\/v2\/types\/product"}],"version-history":[{"count":0,"href":"https:\/\/www.estudidelmoble.com\/es\/wp-json\/wp\/v2\/product\/20761\/revisions"}],"wp:featuredmedia":[{"embeddable":true,"href":"https:\/\/www.estudidelmoble.com\/es\/wp-json\/wp\/v2\/media\/19889"}],"wp:attachment":[{"href":"https:\/\/www.estudidelmoble.com\/es\/wp-json\/wp\/v2\/media?parent=20761"}],"wp:term":[{"taxonomy":"product_brand","embeddable":true,"href":"https:\/\/www.estudidelmoble.com\/es\/wp-json\/wp\/v2\/product_brand?post=20761"},{"taxonomy":"product_cat","embeddable":true,"href":"https:\/\/www.estudidelmoble.com\/es\/wp-json\/wp\/v2\/product_cat?post=20761"},{"taxonomy":"product_tag","embeddable":true,"href":"https:\/\/www.estudidelmoble.com\/es\/wp-json\/wp\/v2\/product_tag?post=20761"}],"curies":[{"name":"wp","href":"https:\/\/api.w.org\/{rel}","templated":true}]}}

PUBLICACIÓN 5

<p><span style="font-weight: 400">Iconos del pasado, iconos del presente, los objetos forman parte de nuestro entorno más cotidiano, nos aportan función y emoción y nos ayudan a definir el espacio y a definirnos a nosotros mismos. A lo largo de la historia, el hombre ha diseñado todo tipo de objetos y productos que le han facilitado la estancia en este planeta, pero además, la vida cotidiana de las altas esferas, clases dirigentes y grupos de poder ha generado y sigue generando objetos de valor social que toman en estos grupos consideración de objetos artísticos, suntuosos y preciados.</span></p>
<p><span style="font-weight: 400">En esta publicación se recogen las conferencias que l’Associació per a l’Estudi del Moble organizó, en colaboración con el Museu de les Arts Decoratives de Barcelona i Fira Antiquaris Barcelona del 27 al 29 de marzo de 2009. Los textos nos permiten repasar momentos concretos del culto al objeto, conocer el valor de las colecciones en distintos momentos de la historia y nos ofrecen importantes aportaciones sobre el tema. Estos escritos, firmados por prestigiosos historiadores y diseñadores, ofrecen sutiles e interesantes reflexiones sobre algo, en principio banal como son los artefactos creados por el hombre en el pasado y, los producidos y consumidos hoy en día. Este libro sumerge, sin acotaciones cronológicas, en la rica historia de nuestra cultura material.</span></p>

<p><span style="color: #7f2629"><strong><b>El culto al objeto: de la vida cotidiana a la colección</b></strong></span></p>
<p class="p1">Edición bilingüe, alterna artículos en castellano y catalán</p>
<p><strong>PVP: 18€<br />Precio SOCIOS: 15€</strong></p>
