{"id":20768,"date":"2011-09-14T12:35:28","date_gmt":"2011-09-14T10:35:28","guid":{"rendered":"https:\/\/www.estudidelmoble.com\/producte\/publicacion-6-2011\/"},"modified":"2021-07-29T12:27:30","modified_gmt":"2021-07-29T10:27:30","slug":"publicacion-6-2011","status":"publish","type":"product","link":"https:\/\/www.estudidelmoble.com\/es\/producto\/publicacion-6-2011\/","title":{"rendered":"PUBLICACI\u00d3N 6"},"content":{"rendered":"<p><span style=\"font-weight: 400;\">La Revoluci\u00f3n Francesa dio el pistoletazo de salida al per\u00edodo que la historiograf\u00eda cl\u00e1sica ha denominado Edad Contempor\u00e1nea. Un acontecimiento pol\u00edtico que cuestion\u00f3 el orden social del Antiguo R\u00e9gimen y propuso divisi\u00f3n de poderes y principios legislativos que en gran medida siguen rigiendo a d\u00eda de hoy en las sociedades avanzadas. Tratar la historia del mueble y de los interiores de la primera mitad de siglo XIX obliga a tener presente estos hechos pol\u00edticos, ya que el mueble no es m\u00e1s que un objeto manufacturado al servicio de la sociedad. Si \u00e9sta cambia, cambian sus necesidades y por lo tanto tambi\u00e9n los muebles requeridos.<\/span><\/p>\n<p><span style=\"font-weight: 400;\">Los textos que se incluyen en esta publicaci\u00f3n son un buen reflejo de las enormes transformaciones de esta \u00e9poca, donde la producci\u00f3n de muebles se dirige irremediablemente a cubrir las necesidades de las nuevas clases dominantes. Si hasta entonces la referencia era la realeza, la corte y la aristocracia, a medida que avanzamos en el siglo, el cliente principal pasa a ser la burgues\u00eda, propietaria de las industrias que <\/span><span style=\"font-weight: 400;\">hacen avanzar las econom\u00edas europeas.<\/span><\/p>\n","protected":false},"excerpt":{"rendered":"<p><span style=\"color: #7f2629;\"><strong><b>El mueble y los interiores desde Carlos IV a la \u00e9poca isabelina. Nuevos estudios<\/b><\/strong><\/span><\/p>\n<p><span style=\"color: #007196;\"><strong>\u00a1AGOTADO!<\/strong><\/span><br \/>\nEjemplares de consulta en nuestra <a href=\"https:\/\/www.estudidelmoble.com\/biblio-xilo\/biblioteca\/\" target=\"_blank\" rel=\"noopener noreferrer\">Biblioteca<\/a><\/p>\n<p class=\"p1\">Edici\u00f3n biling\u00fce, alterna art\u00edculos en castellano y catal\u00e1n<\/p>\n<p><strong>PVP: 18\u20ac<br \/>\nPrecio SOCIOS: 15\u20ac<\/strong><\/p>\n","protected":false},"featured_media":19893,"template":"","meta":{"_acf_changed":false},"product_brand":[],"product_cat":[833],"product_tag":[],"class_list":{"0":"post-20768","1":"product","2":"type-product","3":"status-publish","4":"has-post-thumbnail","6":"product_cat-publicaciones","7":"product_shipping_class-envio-2","9":"first","10":"outofstock","11":"taxable","12":"shipping-taxable","13":"purchasable","14":"product-type-variable"},"acf":[],"_links":{"self":[{"href":"https:\/\/www.estudidelmoble.com\/es\/wp-json\/wp\/v2\/product\/20768","targetHints":{"allow":["GET"]}}],"collection":[{"href":"https:\/\/www.estudidelmoble.com\/es\/wp-json\/wp\/v2\/product"}],"about":[{"href":"https:\/\/www.estudidelmoble.com\/es\/wp-json\/wp\/v2\/types\/product"}],"version-history":[{"count":0,"href":"https:\/\/www.estudidelmoble.com\/es\/wp-json\/wp\/v2\/product\/20768\/revisions"}],"wp:featuredmedia":[{"embeddable":true,"href":"https:\/\/www.estudidelmoble.com\/es\/wp-json\/wp\/v2\/media\/19893"}],"wp:attachment":[{"href":"https:\/\/www.estudidelmoble.com\/es\/wp-json\/wp\/v2\/media?parent=20768"}],"wp:term":[{"taxonomy":"product_brand","embeddable":true,"href":"https:\/\/www.estudidelmoble.com\/es\/wp-json\/wp\/v2\/product_brand?post=20768"},{"taxonomy":"product_cat","embeddable":true,"href":"https:\/\/www.estudidelmoble.com\/es\/wp-json\/wp\/v2\/product_cat?post=20768"},{"taxonomy":"product_tag","embeddable":true,"href":"https:\/\/www.estudidelmoble.com\/es\/wp-json\/wp\/v2\/product_tag?post=20768"}],"curies":[{"name":"wp","href":"https:\/\/api.w.org\/{rel}","templated":true}]}}

PUBLICACIÓN 6

<p><span style="font-weight: 400;">La Revolución Francesa dio el pistoletazo de salida al período que la historiografía clásica ha denominado Edad Contemporánea. Un acontecimiento político que cuestionó el orden social del Antiguo Régimen y propuso división de poderes y principios legislativos que en gran medida siguen rigiendo a día de hoy en las sociedades avanzadas. Tratar la historia del mueble y de los interiores de la primera mitad de siglo XIX obliga a tener presente estos hechos políticos, ya que el mueble no es más que un objeto manufacturado al servicio de la sociedad. Si ésta cambia, cambian sus necesidades y por lo tanto también los muebles requeridos.</span></p>
<p><span style="font-weight: 400;">Los textos que se incluyen en esta publicación son un buen reflejo de las enormes transformaciones de esta época, donde la producción de muebles se dirige irremediablemente a cubrir las necesidades de las nuevas clases dominantes. Si hasta entonces la referencia era la realeza, la corte y la aristocracia, a medida que avanzamos en el siglo, el cliente principal pasa a ser la burguesía, propietaria de las industrias que </span><span style="font-weight: 400;">hacen avanzar las economías europeas.</span></p>

<p><span style="color: #7f2629;"><strong><b>El mueble y los interiores desde Carlos IV a la época isabelina. Nuevos estudios</b></strong></span></p>
<p><span style="color: #007196;"><strong>¡AGOTADO!</strong></span><br />
Ejemplares de consulta en nuestra <a href="https://www.estudidelmoble.com/biblio-xilo/biblioteca/" target="_blank" rel="noopener noreferrer">Biblioteca</a></p>
<p class="p1">Edición bilingüe, alterna artículos en castellano y catalán</p>
<p><strong>PVP: 18€<br />
Precio SOCIOS: 15€</strong></p>
