{"id":20773,"date":"2012-09-14T12:30:35","date_gmt":"2012-09-14T10:30:35","guid":{"rendered":"https:\/\/www.estudidelmoble.com\/producte\/publicacion-7-2012\/"},"modified":"2020-09-14T12:30:35","modified_gmt":"2020-09-14T10:30:35","slug":"publicacion-7-2012","status":"publish","type":"product","link":"https:\/\/www.estudidelmoble.com\/es\/producto\/publicacion-7-2012\/","title":{"rendered":"PUBLICACI\u00d3N 7"},"content":{"rendered":"<p><span style=\"font-weight: 400\">El mueble del siglo XVI: mueble para la Edad Moderna recoge estudios sobre diferentes temas relacionados con el mueble y los interiores de la \u00e9poca del Renacimiento. Efectivamente, durante el siglo XVI Europa fue abandonando las estructuras, ideas y maneras que defin\u00edan el per\u00edodo medieval para adentrarse en la era de los grandes imperios, donde se gestaron nuevos modelos de organizaci\u00f3n pol\u00edtica y social, <\/span><span style=\"font-weight: 400\">que repercutieron directamente en la configuraci\u00f3n y estructura de las ciudades y las viviendas. Un per\u00edodo que en el \u00e1mbito cultural se caracteriz\u00f3 por la riqueza creativa y el refinamiento art\u00edstico, as\u00ed como por la solidez de las iniciativas. Las actividades mercantiles favorecidas por la dinamizaci\u00f3n de las rutas europeas, pero sobre todo por la apertura de las de ultramar, generaron una nueva realidad que cuestion\u00f3 principios anteriores y favoreci\u00f3 distintas necesidades de lo cotidiano con nuevas manifestaciones en las letras <\/span><span style=\"font-weight: 400\">y en las artes.<\/span><\/p>\n","protected":false},"excerpt":{"rendered":"<p><span style=\"color: #7f2629\"><strong><b>El mueble del siglo XVI: mueble para la edad moderna<\/b><\/strong><\/span><\/p>\n<p><span style=\"color: #007196\"><strong>\u00a1\u00daltimas unidades!<\/strong><\/span><br \/><span style=\"color: #007196\"><a style=\"color: #007196\" href=\"https:\/\/www.estudidelmoble.com\/contacte\/\" target=\"_blank\" rel=\"noopener noreferrer\">Contactar<\/a> para obtener tu ejemplar<\/span><\/p>\n<p class=\"p1\">Edici\u00f3n biling\u00fce, alterna art\u00edculos en castellano y catal\u00e1n<\/p>\n<p><strong>PVP: 18\u20ac<br \/>Precio SOCIOS: 15\u20ac<\/strong><\/p>\n","protected":false},"featured_media":19898,"template":"","meta":{"_acf_changed":false},"product_brand":[],"product_cat":[833],"product_tag":[],"class_list":{"0":"post-20773","1":"product","2":"type-product","3":"status-publish","4":"has-post-thumbnail","6":"product_cat-publicaciones","7":"product_shipping_class-envio-2","9":"first","10":"instock","11":"taxable","12":"shipping-taxable","13":"purchasable","14":"product-type-variable"},"acf":[],"_links":{"self":[{"href":"https:\/\/www.estudidelmoble.com\/es\/wp-json\/wp\/v2\/product\/20773","targetHints":{"allow":["GET"]}}],"collection":[{"href":"https:\/\/www.estudidelmoble.com\/es\/wp-json\/wp\/v2\/product"}],"about":[{"href":"https:\/\/www.estudidelmoble.com\/es\/wp-json\/wp\/v2\/types\/product"}],"version-history":[{"count":0,"href":"https:\/\/www.estudidelmoble.com\/es\/wp-json\/wp\/v2\/product\/20773\/revisions"}],"wp:featuredmedia":[{"embeddable":true,"href":"https:\/\/www.estudidelmoble.com\/es\/wp-json\/wp\/v2\/media\/19898"}],"wp:attachment":[{"href":"https:\/\/www.estudidelmoble.com\/es\/wp-json\/wp\/v2\/media?parent=20773"}],"wp:term":[{"taxonomy":"product_brand","embeddable":true,"href":"https:\/\/www.estudidelmoble.com\/es\/wp-json\/wp\/v2\/product_brand?post=20773"},{"taxonomy":"product_cat","embeddable":true,"href":"https:\/\/www.estudidelmoble.com\/es\/wp-json\/wp\/v2\/product_cat?post=20773"},{"taxonomy":"product_tag","embeddable":true,"href":"https:\/\/www.estudidelmoble.com\/es\/wp-json\/wp\/v2\/product_tag?post=20773"}],"curies":[{"name":"wp","href":"https:\/\/api.w.org\/{rel}","templated":true}]}}

PUBLICACIÓN 7

<p><span style="font-weight: 400">El mueble del siglo XVI: mueble para la Edad Moderna recoge estudios sobre diferentes temas relacionados con el mueble y los interiores de la época del Renacimiento. Efectivamente, durante el siglo XVI Europa fue abandonando las estructuras, ideas y maneras que definían el período medieval para adentrarse en la era de los grandes imperios, donde se gestaron nuevos modelos de organización política y social, </span><span style="font-weight: 400">que repercutieron directamente en la configuración y estructura de las ciudades y las viviendas. Un período que en el ámbito cultural se caracterizó por la riqueza creativa y el refinamiento artístico, así como por la solidez de las iniciativas. Las actividades mercantiles favorecidas por la dinamización de las rutas europeas, pero sobre todo por la apertura de las de ultramar, generaron una nueva realidad que cuestionó principios anteriores y favoreció distintas necesidades de lo cotidiano con nuevas manifestaciones en las letras </span><span style="font-weight: 400">y en las artes.</span></p>

<p><span style="color: #7f2629"><strong><b>El mueble del siglo XVI: mueble para la edad moderna</b></strong></span></p>
<p><span style="color: #007196"><strong>¡Últimas unidades!</strong></span><br /><span style="color: #007196"><a style="color: #007196" href="https://www.estudidelmoble.com/contacte/" target="_blank" rel="noopener noreferrer">Contactar</a> para obtener tu ejemplar</span></p>
<p class="p1">Edición bilingüe, alterna artículos en castellano y catalán</p>
<p><strong>PVP: 18€<br />Precio SOCIOS: 15€</strong></p>
