{"id":49846,"date":"2022-07-21T17:11:23","date_gmt":"2022-07-21T15:11:23","guid":{"rendered":"https:\/\/www.estudidelmoble.com\/producte\/inscripcion-visita-madrid-muebles-y-modernidad-en-espana\/"},"modified":"2022-08-30T10:51:16","modified_gmt":"2022-08-30T08:51:16","slug":"inscripcion-visita-madrid-muebles-y-modernidad-en-espana","status":"publish","type":"product","link":"https:\/\/www.estudidelmoble.com\/es\/producto\/inscripcion-visita-madrid-muebles-y-modernidad-en-espana\/","title":{"rendered":"Visita Madrid"},"content":{"rendered":"<p><strong>Viernes, 9 de septiembre de 2022<\/strong><\/p>\n<p>Madrid nos ense\u00f1a el arranque de la modernidad en Espa\u00f1a en espacios de gran inter\u00e9s hist\u00f3rico y art\u00edstico, en uso. Con el privilegio de hacer una visita especial a la <strong><span style=\"color: #800000;\">Exposici\u00f3n \u201cEl Af\u00e1n Moderno\u201d en el MNAD<\/span><\/strong> de la mano de Pedro Feduchi y Pedro Reula, sus comisarios.<\/p>\n<p>Tendremos la oportunidad de adentrarnos en el<strong><span style=\"color: #800000;\"> Centro de Estudios Hidrogr\u00e1ficos (CEDEX)<\/span><\/strong>, uno de los edificios representativos de la carrera del arquitecto Miguel Fisac, de t\u00e9cnicas constructivas innovadoras y cuyos interiores fueron cuidadosamente pensados por el arquitecto.<\/p>\n<p>Luego, el<strong><span style=\"color: #800000;\"> Ilustre Colegio de Notarios de Madrid<\/span><\/strong>, instalado en una antigua casa palacio del 1890, que ha sido adaptada conservando todo su valor art\u00edstico.<\/p>\n<p>Finalmente, la experiencia de estar en la primera cocteler\u00eda de Espa\u00f1a, del 1930: <strong><span style=\"color: #800000;\">Museo Chicote<\/span><\/strong>, un bar con decoraci\u00f3n Art Dec\u00f3 que se conserva intacta.<\/p>\n<p>Para m\u00e1s informaci\u00f3n, consulta <span style=\"color: #800000;\"><a style=\"color: #800000;\" href=\"https:\/\/www.estudidelmoble.com\/es\/visita-a-madrid-muebles-y-modernidad-en-espana\/\" target=\"_blank\" rel=\"noopener\">AQU\u00cd<\/a> <\/span>el PROGRAMA de <strong>Visita a Madrid. Muebles y Modernidad en Espa\u00f1a.<\/strong><\/p>\n","protected":false},"excerpt":{"rendered":"<p><strong> Muebles y Modernidad en Espa\u00f1a<\/strong><br \/>\n<span style=\"color: #800000;\">Viernes, 9 de septiembre<\/span><\/p>\n<p>PVP: 200\u20ac<br \/>\nPrecio SOCIOS: 150\u20ac<\/p>\n","protected":false},"featured_media":49623,"template":"","meta":{"_acf_changed":false},"product_brand":[],"product_cat":[1013],"product_tag":[],"class_list":{"0":"post-49846","1":"product","2":"type-product","3":"status-publish","4":"has-post-thumbnail","6":"product_cat-viajes","8":"first","9":"instock","10":"taxable","11":"shipping-taxable","12":"purchasable","13":"product-type-variable"},"acf":[],"_links":{"self":[{"href":"https:\/\/www.estudidelmoble.com\/es\/wp-json\/wp\/v2\/product\/49846","targetHints":{"allow":["GET"]}}],"collection":[{"href":"https:\/\/www.estudidelmoble.com\/es\/wp-json\/wp\/v2\/product"}],"about":[{"href":"https:\/\/www.estudidelmoble.com\/es\/wp-json\/wp\/v2\/types\/product"}],"version-history":[{"count":0,"href":"https:\/\/www.estudidelmoble.com\/es\/wp-json\/wp\/v2\/product\/49846\/revisions"}],"wp:featuredmedia":[{"embeddable":true,"href":"https:\/\/www.estudidelmoble.com\/es\/wp-json\/wp\/v2\/media\/49623"}],"wp:attachment":[{"href":"https:\/\/www.estudidelmoble.com\/es\/wp-json\/wp\/v2\/media?parent=49846"}],"wp:term":[{"taxonomy":"product_brand","embeddable":true,"href":"https:\/\/www.estudidelmoble.com\/es\/wp-json\/wp\/v2\/product_brand?post=49846"},{"taxonomy":"product_cat","embeddable":true,"href":"https:\/\/www.estudidelmoble.com\/es\/wp-json\/wp\/v2\/product_cat?post=49846"},{"taxonomy":"product_tag","embeddable":true,"href":"https:\/\/www.estudidelmoble.com\/es\/wp-json\/wp\/v2\/product_tag?post=49846"}],"curies":[{"name":"wp","href":"https:\/\/api.w.org\/{rel}","templated":true}]}}

<p><strong>Viernes, 9 de septiembre de 2022</strong></p>
<p>Madrid nos enseña el arranque de la modernidad en España en espacios de gran interés histórico y artístico, en uso. Con el privilegio de hacer una visita especial a la <strong><span style="color: #800000;">Exposición “El Afán Moderno” en el MNAD</span></strong> de la mano de Pedro Feduchi y Pedro Reula, sus comisarios.</p>
<p>Tendremos la oportunidad de adentrarnos en el<strong><span style="color: #800000;"> Centro de Estudios Hidrográficos (CEDEX)</span></strong>, uno de los edificios representativos de la carrera del arquitecto Miguel Fisac, de técnicas constructivas innovadoras y cuyos interiores fueron cuidadosamente pensados por el arquitecto.</p>
<p>Luego, el<strong><span style="color: #800000;"> Ilustre Colegio de Notarios de Madrid</span></strong>, instalado en una antigua casa palacio del 1890, que ha sido adaptada conservando todo su valor artístico.</p>
<p>Finalmente, la experiencia de estar en la primera coctelería de España, del 1930: <strong><span style="color: #800000;">Museo Chicote</span></strong>, un bar con decoración Art Decó que se conserva intacta.</p>
<p>Para más información, consulta <span style="color: #800000;"><a style="color: #800000;" href="https://www.estudidelmoble.com/es/visita-a-madrid-muebles-y-modernidad-en-espana/" target="_blank" rel="noopener">AQUÍ</a> </span>el PROGRAMA de <strong>Visita a Madrid. Muebles y Modernidad en España.</strong></p>

<p><strong> Muebles y Modernidad en España</strong><br />
<span style="color: #800000;">Viernes, 9 de septiembre</span></p>
<p>PVP: 200€<br />
Precio SOCIOS: 150€</p>
